{"id":5006,"date":"2018-11-07T13:36:17","date_gmt":"2018-11-07T18:36:17","guid":{"rendered":"http:\/\/cursotomorrow.com\/novo\/?post_type=product&#038;p=5006"},"modified":"2020-09-01T15:57:31","modified_gmt":"2020-09-01T20:57:31","slug":"audiobook-01-part-1-free","status":"publish","type":"product","link":"https:\/\/cursotomorrow.com\/novo\/produto\/audiobook-01-part-1-free\/","title":{"rendered":"AudioBook  Part 01 &#8211; Degusta\u00e7\u00e3o &#8211; FREE"},"content":{"rendered":"<p>Aceite um brinde da Tomorrow para voc\u00ea apreciar um <strong>AudioBook<\/strong> com v\u00e1rios di\u00e1logos do dia a dia. Pratique seu ingl\u00eas\u00a0no seu Celular \u00a0e onde voc\u00ea quiser! Ao adquiriu esse produto, acesse a sua conta e v\u00e1 at\u00e9 a \u00e1rea de Downloads.<\/p>\n","protected":false},"excerpt":{"rendered":"<p>Aceite um brinde da Tomorrow para voc\u00ea apreciar um AudioBook com v\u00e1rios di\u00e1logos do dia a dia. Pratique seu ingl\u00eas\u00a0no seu Celular \u00a0e onde voc\u00ea quiser! Ao adquiriu esse produto, acesse a sua conta e v\u00e1 at\u00e9 a \u00e1rea de &hellip; <a href=\"https:\/\/cursotomorrow.com\/novo\/produto\/audiobook-01-part-1-free\/\">Continue lendo <span class=\"meta-nav\">&rarr;<\/span><\/a><\/p>\n","protected":false},"featured_media":5004,"comment_status":"open","ping_status":"closed","template":"","meta":[],"product_cat":[25,26],"product_tag":[],"class_list":["post-5006","product","type-product","status-publish","has-post-thumbnail","hentry","product_cat-audiobooks","product_cat-geral"],"_links":{"self":[{"href":"https:\/\/cursotomorrow.com\/novo\/wp-json\/wp\/v2\/product\/5006"}],"collection":[{"href":"https:\/\/cursotomorrow.com\/novo\/wp-json\/wp\/v2\/product"}],"about":[{"href":"https:\/\/cursotomorrow.com\/novo\/wp-json\/wp\/v2\/types\/product"}],"replies":[{"embeddable":true,"href":"https:\/\/cursotomorrow.com\/novo\/wp-json\/wp\/v2\/comments?post=5006"}],"wp:featuredmedia":[{"embeddable":true,"href":"https:\/\/cursotomorrow.com\/novo\/wp-json\/wp\/v2\/media\/5004"}],"wp:attachment":[{"href":"https:\/\/cursotomorrow.com\/novo\/wp-json\/wp\/v2\/media?parent=5006"}],"wp:term":[{"taxonomy":"product_cat","embeddable":true,"href":"https:\/\/cursotomorrow.com\/novo\/wp-json\/wp\/v2\/product_cat?post=5006"},{"taxonomy":"product_tag","embeddable":true,"href":"https:\/\/cursotomorrow.com\/novo\/wp-json\/wp\/v2\/product_tag?post=5006"}],"curies":[{"name":"wp","href":"https:\/\/api.w.org\/{rel}","templated":true}]}}