{"id":3796,"date":"2018-02-26T05:47:49","date_gmt":"2018-02-26T10:47:49","guid":{"rendered":"http:\/\/cursotomorrow.com\/novo\/?post_type=product&#038;p=3796"},"modified":"2020-12-03T15:02:52","modified_gmt":"2020-12-03T20:02:52","slug":"zbook-usa-03","status":"publish","type":"product","link":"https:\/\/cursotomorrow.com\/novo\/produto\/zbook-usa-03\/","title":{"rendered":"zBook &#8211; USA 03 &#8211; Ingl\u00eas pra Viagem"},"content":{"rendered":"<p>Os Books em pdf da Tomorrow abordam assuntos como: substantivos, adjetivos, pronomes, preposi\u00e7\u00f5es, conjuga\u00e7\u00f5es, adv\u00e9rbios, tempos verbais.\u00a0Voc\u00ea tem uma viagem marcada para o exterior e isso gerou a necessidade de aprender ingl\u00eas r\u00e1pido? Ent\u00e3o baixe esse material pr\u00e1tico em PDF.<\/p>\n","protected":false},"excerpt":{"rendered":"<p>zBook &#8211; USA 03 <a href=\"https:\/\/cursotomorrow.com\/novo\/produto\/zbook-usa-03\/\">Continue lendo <span class=\"meta-nav\">&rarr;<\/span><\/a><\/p>\n","protected":false},"featured_media":3797,"comment_status":"open","ping_status":"closed","template":"","meta":[],"product_cat":[30,24,26],"product_tag":[],"class_list":["post-3796","product","type-product","status-publish","has-post-thumbnail","hentry","product_cat-livros","product_cat-biblioteca","product_cat-geral"],"_links":{"self":[{"href":"https:\/\/cursotomorrow.com\/novo\/wp-json\/wp\/v2\/product\/3796"}],"collection":[{"href":"https:\/\/cursotomorrow.com\/novo\/wp-json\/wp\/v2\/product"}],"about":[{"href":"https:\/\/cursotomorrow.com\/novo\/wp-json\/wp\/v2\/types\/product"}],"replies":[{"embeddable":true,"href":"https:\/\/cursotomorrow.com\/novo\/wp-json\/wp\/v2\/comments?post=3796"}],"wp:featuredmedia":[{"embeddable":true,"href":"https:\/\/cursotomorrow.com\/novo\/wp-json\/wp\/v2\/media\/3797"}],"wp:attachment":[{"href":"https:\/\/cursotomorrow.com\/novo\/wp-json\/wp\/v2\/media?parent=3796"}],"wp:term":[{"taxonomy":"product_cat","embeddable":true,"href":"https:\/\/cursotomorrow.com\/novo\/wp-json\/wp\/v2\/product_cat?post=3796"},{"taxonomy":"product_tag","embeddable":true,"href":"https:\/\/cursotomorrow.com\/novo\/wp-json\/wp\/v2\/product_tag?post=3796"}],"curies":[{"name":"wp","href":"https:\/\/api.w.org\/{rel}","templated":true}]}}