{"id":3458,"date":"2017-10-17T07:35:19","date_gmt":"2017-10-17T12:35:19","guid":{"rendered":"http:\/\/cursotomorrow.com\/novo\/?post_type=product&#038;p=3458"},"modified":"2021-10-23T12:40:16","modified_gmt":"2021-10-23T17:40:16","slug":"zbook-800-frases-com-was-were-for-on","status":"publish","type":"product","link":"https:\/\/cursotomorrow.com\/novo\/produto\/zbook-800-frases-com-was-were-for-on\/","title":{"rendered":"zBook &#8211; 800 frases com: Was &#8211; Were &#8211; For &#8211; On"},"content":{"rendered":"<p>Confira as 800 frases \u00fateis com o passado do verbo <span class=\"addlnk iskeyword\" data-word=\"to\" data-keyword=\"1\">to<\/span> be em ingl\u00eas &#8211; na forma afirmativa, negativa e interrogativa &#8211; com tradu\u00e7\u00e3o para o portugu\u00eas. Fique por dentro do assunto e amplie o seu conhecimento no idioma.<\/p>\n","protected":false},"excerpt":{"rendered":"<p>zBook &#8211; 800 frases com<br \/>\nWas Were For On <a href=\"https:\/\/cursotomorrow.com\/novo\/produto\/zbook-800-frases-com-was-were-for-on\/\">Continue lendo <span class=\"meta-nav\">&rarr;<\/span><\/a><\/p>\n","protected":false},"featured_media":3459,"comment_status":"open","ping_status":"closed","template":"","meta":[],"product_cat":[30,24,26],"product_tag":[],"class_list":["post-3458","product","type-product","status-publish","has-post-thumbnail","hentry","product_cat-livros","product_cat-biblioteca","product_cat-geral"],"_links":{"self":[{"href":"https:\/\/cursotomorrow.com\/novo\/wp-json\/wp\/v2\/product\/3458"}],"collection":[{"href":"https:\/\/cursotomorrow.com\/novo\/wp-json\/wp\/v2\/product"}],"about":[{"href":"https:\/\/cursotomorrow.com\/novo\/wp-json\/wp\/v2\/types\/product"}],"replies":[{"embeddable":true,"href":"https:\/\/cursotomorrow.com\/novo\/wp-json\/wp\/v2\/comments?post=3458"}],"wp:featuredmedia":[{"embeddable":true,"href":"https:\/\/cursotomorrow.com\/novo\/wp-json\/wp\/v2\/media\/3459"}],"wp:attachment":[{"href":"https:\/\/cursotomorrow.com\/novo\/wp-json\/wp\/v2\/media?parent=3458"}],"wp:term":[{"taxonomy":"product_cat","embeddable":true,"href":"https:\/\/cursotomorrow.com\/novo\/wp-json\/wp\/v2\/product_cat?post=3458"},{"taxonomy":"product_tag","embeddable":true,"href":"https:\/\/cursotomorrow.com\/novo\/wp-json\/wp\/v2\/product_tag?post=3458"}],"curies":[{"name":"wp","href":"https:\/\/api.w.org\/{rel}","templated":true}]}}