{"id":3432,"date":"2017-10-13T07:34:15","date_gmt":"2017-10-13T12:34:15","guid":{"rendered":"http:\/\/cursotomorrow.com\/novo\/?post_type=product&#038;p=3432"},"modified":"2021-10-23T12:41:47","modified_gmt":"2021-10-23T17:41:47","slug":"zbook-1023-frases-com-the-of-and-to-in","status":"publish","type":"product","link":"https:\/\/cursotomorrow.com\/novo\/produto\/zbook-1023-frases-com-the-of-and-to-in\/","title":{"rendered":"zBook &#8211; 1023 frases com: The &#8211; Of &#8211; And &#8211; To &#8211; In"},"content":{"rendered":"<p>A gram\u00e1tica em ingl\u00eas sempre desperta perguntas. E uma \u00e1rea que os alunos t\u00eam d\u00favidas s\u00e3o as preposi\u00e7\u00f5es em ingl\u00eas. Uma preposi\u00e7\u00e3o liga substantivos, pronomes e express\u00f5es a outras palavras na frase. Por isso temos uma infinidade de exemplos de frases com algumas delas, confira!<\/p>\n","protected":false},"excerpt":{"rendered":"<p>zBook &#8211; 1023 frases com: The Of And To In <a href=\"https:\/\/cursotomorrow.com\/novo\/produto\/zbook-1023-frases-com-the-of-and-to-in\/\">Continue lendo <span class=\"meta-nav\">&rarr;<\/span><\/a><\/p>\n","protected":false},"featured_media":3433,"comment_status":"open","ping_status":"closed","template":"","meta":[],"product_cat":[30,24,26],"product_tag":[],"class_list":["post-3432","product","type-product","status-publish","has-post-thumbnail","hentry","product_cat-livros","product_cat-biblioteca","product_cat-geral"],"_links":{"self":[{"href":"https:\/\/cursotomorrow.com\/novo\/wp-json\/wp\/v2\/product\/3432"}],"collection":[{"href":"https:\/\/cursotomorrow.com\/novo\/wp-json\/wp\/v2\/product"}],"about":[{"href":"https:\/\/cursotomorrow.com\/novo\/wp-json\/wp\/v2\/types\/product"}],"replies":[{"embeddable":true,"href":"https:\/\/cursotomorrow.com\/novo\/wp-json\/wp\/v2\/comments?post=3432"}],"wp:featuredmedia":[{"embeddable":true,"href":"https:\/\/cursotomorrow.com\/novo\/wp-json\/wp\/v2\/media\/3433"}],"wp:attachment":[{"href":"https:\/\/cursotomorrow.com\/novo\/wp-json\/wp\/v2\/media?parent=3432"}],"wp:term":[{"taxonomy":"product_cat","embeddable":true,"href":"https:\/\/cursotomorrow.com\/novo\/wp-json\/wp\/v2\/product_cat?post=3432"},{"taxonomy":"product_tag","embeddable":true,"href":"https:\/\/cursotomorrow.com\/novo\/wp-json\/wp\/v2\/product_tag?post=3432"}],"curies":[{"name":"wp","href":"https:\/\/api.w.org\/{rel}","templated":true}]}}