{"id":2024,"date":"2016-10-10T17:47:28","date_gmt":"2016-10-10T22:47:28","guid":{"rendered":"http:\/\/cursotomorrow.com\/novo\/?post_type=product&#038;p=2024"},"modified":"2020-09-01T15:58:13","modified_gmt":"2020-09-01T20:58:13","slug":"cd-rom-interativo","status":"publish","type":"product","link":"https:\/\/cursotomorrow.com\/novo\/produto\/cd-rom-interativo\/","title":{"rendered":"CD-ROM interativo"},"content":{"rendered":"<p>Adquira seu CD-ROM interativo\u00a0com 4 m\u00f3dulos: (B\u00e1sico\/Intermedi\u00e1rio\/Avan\u00e7ado e Executivo). Um novo m\u00e9todo \u00e1udio\/visual de aprendizado.<br \/>\nE mais:<br \/>\n&#8211; Jogos<br \/>\n&#8211; Dicion\u00e1rio<br \/>\n&#8211; Karaok\u00ea<\/p>\n","protected":false},"excerpt":{"rendered":"<p>Adquira seu CD-ROM interativo\u00a0com 4 m\u00f3dulos: (B\u00e1sico\/Intermedi\u00e1rio\/Avan\u00e7ado e Executivo). Um novo m\u00e9todo \u00e1udio\/visual de aprendizado. E mais: &#8211; Jogos &#8211; Dicion\u00e1rio &#8211; Karaok\u00ea<\/p>\n","protected":false},"featured_media":2522,"comment_status":"open","ping_status":"closed","template":"","meta":[],"product_cat":[26],"product_tag":[],"class_list":["post-2024","product","type-product","status-publish","has-post-thumbnail","hentry","product_cat-geral"],"_links":{"self":[{"href":"https:\/\/cursotomorrow.com\/novo\/wp-json\/wp\/v2\/product\/2024"}],"collection":[{"href":"https:\/\/cursotomorrow.com\/novo\/wp-json\/wp\/v2\/product"}],"about":[{"href":"https:\/\/cursotomorrow.com\/novo\/wp-json\/wp\/v2\/types\/product"}],"replies":[{"embeddable":true,"href":"https:\/\/cursotomorrow.com\/novo\/wp-json\/wp\/v2\/comments?post=2024"}],"wp:featuredmedia":[{"embeddable":true,"href":"https:\/\/cursotomorrow.com\/novo\/wp-json\/wp\/v2\/media\/2522"}],"wp:attachment":[{"href":"https:\/\/cursotomorrow.com\/novo\/wp-json\/wp\/v2\/media?parent=2024"}],"wp:term":[{"taxonomy":"product_cat","embeddable":true,"href":"https:\/\/cursotomorrow.com\/novo\/wp-json\/wp\/v2\/product_cat?post=2024"},{"taxonomy":"product_tag","embeddable":true,"href":"https:\/\/cursotomorrow.com\/novo\/wp-json\/wp\/v2\/product_tag?post=2024"}],"curies":[{"name":"wp","href":"https:\/\/api.w.org\/{rel}","templated":true}]}}