{"id":92,"date":"2011-03-03T18:31:19","date_gmt":"2011-03-03T18:31:19","guid":{"rendered":"http:\/\/www.cursotomorrow.com\/?page_id=92"},"modified":"2018-05-23T21:34:14","modified_gmt":"2018-05-24T02:34:14","slug":"free","status":"publish","type":"page","link":"https:\/\/cursotomorrow.com\/novo\/free\/","title":{"rendered":"FREE"},"content":{"rendered":"<p>Aqui voc\u00ea tem duas li\u00e7\u00f5es gratuitamente: M\u00f3dulo B\u00e1sico e Conversa\u00e7\u00e3o 01 por um\u00a0per\u00edodo de 7 dias. E n\u00e3o esque\u00e7a, est\u00e1 tudo aqui na palma da sua m\u00e3o. Agora aproveite para fazer logo sua matricula.<\/p>\n<p><a href=\"https:\/\/cursotomorrow.com\/novo\/my-account\/\"><span style=\"color: #993300;\">Clique aqui para entrar na conta e acessar o M\u00f3dulo FREE. <\/span><\/a><\/p>\n<p><a href=\"https:\/\/cursotomorrow.com\/novo\/wp-login.php?action=register\"><span style=\"color: #993300;\">Ainda n\u00e3o tem conta? CLIQUE AQUI<\/span><\/a><\/p>\n","protected":false},"excerpt":{"rendered":"<p>Aqui voc\u00ea tem duas li\u00e7\u00f5es gratuitamente: M\u00f3dulo B\u00e1sico e Conversa\u00e7\u00e3o 01 por um\u00a0per\u00edodo de 7 dias. E n\u00e3o esque\u00e7a, est\u00e1 tudo aqui na palma da sua m\u00e3o. Agora aproveite para fazer logo sua matricula. Clique aqui para entrar na conta &hellip; <a href=\"https:\/\/cursotomorrow.com\/novo\/free\/\">Continue lendo <span class=\"meta-nav\">&rarr;<\/span><\/a><\/p>\n","protected":false},"author":2,"featured_media":0,"parent":0,"menu_order":0,"comment_status":"open","ping_status":"closed","template":"","meta":{"footnotes":""},"class_list":["post-92","page","type-page","status-publish","hentry"],"_links":{"self":[{"href":"https:\/\/cursotomorrow.com\/novo\/wp-json\/wp\/v2\/pages\/92"}],"collection":[{"href":"https:\/\/cursotomorrow.com\/novo\/wp-json\/wp\/v2\/pages"}],"about":[{"href":"https:\/\/cursotomorrow.com\/novo\/wp-json\/wp\/v2\/types\/page"}],"author":[{"embeddable":true,"href":"https:\/\/cursotomorrow.com\/novo\/wp-json\/wp\/v2\/users\/2"}],"replies":[{"embeddable":true,"href":"https:\/\/cursotomorrow.com\/novo\/wp-json\/wp\/v2\/comments?post=92"}],"version-history":[{"count":11,"href":"https:\/\/cursotomorrow.com\/novo\/wp-json\/wp\/v2\/pages\/92\/revisions"}],"predecessor-version":[{"id":4429,"href":"https:\/\/cursotomorrow.com\/novo\/wp-json\/wp\/v2\/pages\/92\/revisions\/4429"}],"wp:attachment":[{"href":"https:\/\/cursotomorrow.com\/novo\/wp-json\/wp\/v2\/media?parent=92"}],"curies":[{"name":"wp","href":"https:\/\/api.w.org\/{rel}","templated":true}]}}